7
2 - 1 - (-78 + 83 + (4 - 0))
-8
-5 + (26 + -10 - 1) - 4
6
Calculate 16 + -8 + 0 + 4 - -8.
20
What is the value of 4 + (-23 + 12 + 8 - (-1 - -9))?
-7
Calculate 32 + -25 + 20 + -22.
5
Calculate 74 - 74 - (1 - 10).
9
Calculate (-18 - -9) + 11 + 1 + -2.
1
What is the value of (-8 + (19 - -1) - -4) + -7?
9
Evaluate (-16 - -22) + 16 + 1 + 2.
25
(-5 - 2) + (-125 - -142)
10
What is the value of -7 - 0 - (38 - 23 - 17)?
-5
What is -145 + 171 - (9 + 0 + -3)?
20
17 + -13 + (-5 - 0 - 7)
-8
What is 28 - 28 - (0 - (-2 - (-5 + -4)))?
7
What is the value of (67 - 70) + (3 - 2 - -5)?
3
What is the value of -22 - (10 - (8 - -5) - (4 + 1))?
-14
-3 + (-2 - -5) + 99 + -90
9
Calculate 13 - (7 + 11) - (-3 - 11).
9
Calculate -6 + (-2 - 1 - (9 + -9)).
-9
What is the value of (-7 + 11 + 8 - -9) + (4 - 0)?
25
(47 - -9) + -60 - (-1 - (3 + -1))
-1
What is the value of -1 + 15 + 0 + -17 - (15 + 1)?
-19
57 - (100 + -46) - (0 - 0 - 11)
14
What is the value of (-37 - -3) + (12 - -9)?
-13
Calculate 20 - -11 - 15 - (7 + 10).
-1
Calculate (14 - 11) + -18 + 22.
7
Calculate 16 - (19 + -11) - 4.
4
Calculate -4 + -2 - (5 + 20 + 2).
-33
Evaluate (17 - 9) + -2 - (0 + -2).
8
Evaluate 15 - (3 + (1 - (-1 + -1))).
9
What is 18 + (-13 - 16) - -21?
10
22 + (-12 - 2) - (0 - -20)
-12
What is the value of (-35 - -3) + 26 - -15?
9
Evaluate -11 - ((-2 - -2) + -8).
-3
(2 + 8 - -2) + (16 - 30)
-2
Evaluate 23 + -10 + 3 + -30.
-14
What is the value of (-842 - -837) + (19 - (2 - (3 + -2)))?
13
Evaluate 0 + (-4 + 9 + -6 - (0 - -5)).
-6
Evaluate -7 - (2 - (3 - 3)).
-9
Evaluate 27 - ((0 - 0) + (3 - 0) + 4).
20
-19 - -22 - -3 - 11
-5
2 - ((19 + -10 - 8) + 3 + -2)
0
5 + 0 + -5 + 1 + (2 - 7)
-4
What is the value of -6 + -5 + (3 - 1)?
-9
Evaluate 30 + -28 - (9 + -2).
-5
15 - ((7 - (-8 + 12)) + -20)
32
(31 - -3) + -9 + 16 + -15 + 2
28
-13 + 25 + (3 + -46 - -13)
-18
-6 - (-31 + 4 + (-6 - -9) + -4)
22
Calculate (-1 - 4) + (33 - (30 + 3)).
-5
Calculate (19 - 14) + (4 - (-3 + -3 + 2)).
13
What is the value of (19 - -27 - 19) + -13?
14
-27 - (0 + -33) - -22
28
What is (-7 + 15 - 5) + 1 + 2?
6
-1 + -3 + 4 - (-6 + (-2 - 1))
9
Evaluate -33 + 16 + -16 - -11.
-22
What is (-17 - (26 - 50)) + 11?
18
Evaluate (3 - (-25 + 28 + (-3 - 1))) + -2.
2
Evaluate 2 + 1 - (-4 - (-18 + -17)).
-28
Calculate (26 + -14 - 9) + 3 - (33 + -4).
-23
What is the value of 0 + 0 + 2 - (22 + -29)?
9
Calculate (5 + -9 - (0 + -9) - 6) + -15.
-16
Calculate -2 - (-27 + (-5 - (-3 - (11 + -2)))).
18
What is (-6 - -1) + 3 - (8 - (-4 + 7))?
-7
What is 15 - 1 - (16 + -1)?
-1
Evaluate -28 - (94 + -92 - (1 - (-2 + 2))).
-29
-32 + 31 + -16 + -5
-22
(5 - 6) + -3 - (-2 - 5 - -19)
-16
Evaluate -2 - ((36 - 28) + (-9 - 2)).
1
What is (29 - 24) + (6 - (-1 + 2 + 2))?
8
-30 + 3 + 4 + 5
-18
What is (25 - 73) + 6 - -67?
25
What is the value of -14 + -1 + (-121 - -131)?
-5
What is 5 + 1 - -5 - (-1 - -5)?
7
Evaluate -8 + 6 + 1 + -2 - 7.
-10
What is 12 + -2 + -12 + 5 - -18?
21
Evaluate (6 - (-1 + 2 - -1) - 5) + -2.
-3
What is -8 + (3 - (44 + -10)) + 3?
-36
What is 0 + (5 - (10 + -6)) + -5 + -5?
-9
(-9 - (-12 + 3)) + (5 - (-2 + -2))
9
What is -1 + (3 - 6) + 3 + -7 + 4?
-4
Evaluate -8 + 24 + 12 - 9.
19
What is (2 + -4 - (11 - 26)) + 0 + 4?
17
What is the value of -37 + 38 + 0 + 3?
4
Evaluate (-4 - 2) + (-9 - (8 + -22)).
-1
1 + (-2 - 0) - (-442 - -462)
-21
Calculate -9 - (-17 + 30 + -3).
-19
Evaluate 14 - (-14 - (1 - -25) - -18).
36
Evaluate 1 + -2 + 4 + 2 - (228 + -221).
-2
What is 16 + (-23 - -9 - -1)?
3
What is -24 + (6 - (2 - -6 - (-5 + 3)))?
-28
Calculate 100 - 105 - (4 + -13).
4
35 - (17 + -10 + -7 - -12)
23
Evaluate -10 + -1 + (-5 - (-10 - (-7 - -6))).
-7
What is the value of 17 - ((8 - 8) + 5)?
12
Evaluate 6 + (1 + -7 - (17 + (12 - 36))).
7
Evaluate 11 + -3 - (11 - (0 - -2)).
-1
(-1 + -4 - (47 + -48)) + 3 + 14
13
What is the value of (-4 - (9 + -27)) + -7?
7
What is (2 - -15) + -19 + -1 + 7?
4
What is 7 - 19 - -18 - (-15 - 3)?
24
Calculate 9 - ((-2 - (9 + -11)) + -6).
15
Evaluate -8 + (-15 - -3) + 73 + -38.
15
What is the value of -43 - (-19 + 25) - -33?
-16
-11 - ((-39 - -45) + (-2 - (21 + 6)))
12
6 - (12 + (3 - 7 - 12))
10
-12 - -13 - 4 - (-14 - -14)
-3
Evaluate (-5 + -3 - (-3 - -1)) + -1 + 13.
6
Evaluate 1 + 0 + 0 + 0 - (-6986 + 6988).
-1
What is 11 + -5 + -21 + 44 + -20?
9
What is -3 - (-21 - 7 - -14)?
11
What is the value of (14 - -15) + -45 + 4 + -1?
-13
Calculate -23 + (2 - (-1 - 11 - -8)) - 5.
-22
What is -7 + 13 + (19 - 24)?
1
Evaluate 20 - -1 - (-67 - -72) - (8 - 1).
9
What is the value of (-30 - (-28 + -14)) + -44?
-32
Evaluate 3 - -2 - (26 + -4 + -15).
-2
Evaluate -1 + (-15 - (-15 - -3)).
-4
Evaluate (-4 + -11 - 1) + -81 + 100.
3
(7 - 52) + 27 + 19 + -2
-1
Calculate -14 - (-8 + (1 + 5 - (32 - 34))).
-14
Calculate (5 + 1 - 10) + 5 + 5.
6
What is 1 - (-13 - ((14 - -6) + -3))?
31
-19 - (9 + -21) - -12
5
What is -17 + (-4 + 10 + -4 - (-3 + 7))?
-19
Evaluate 22 - -3 - -1 - (16 - 8).
18
Calculate -105 - -103 - (1 - ((8 - 1) + -4)).
0
Evaluate (-3 - 8 - -6) + (2 - 15).
-18
Evaluate (1 - 3) + 1 + 12 + -9 + -14.
-12
(-12 - -12 - -9) + -22 - -6
-7
Calculate 8 + -16 - (-21 + 4).
9
-17 - (-17 + -22 + 15)
7
What is -4 - (3 - 2) - (28 - (33 + 1))?
1
Evaluate 9 + (-1 - (-13 - -12)).
9
Calculate (0 - 2) + 48 - (54 - (80 + -37)).
35
What is (-19 - (-19 - (-2 + -8))) + 7 + -17?
-20
Calculate (42 - 38 - (0 - -2 - 2)) + -9.
-5
What is ((-7 - -7) + -2 - -6) + 2?
6
Calculate 2 + (-8 - (0 - (3 + 1))).
-2
(-5 - 10) + 32 - -1
18
Evaluate -11 + (-23 - -16) + 0 + 16.
-2
Calculate (-10 - 1) + (-26 - -32).
-5
-1 - 8 - (-9 + (4 - 21) + -3)
20
What is the value of -9 - (-2 + -1) - (19 + -19)?
-6
Evaluate 35 + -36 - (4 + 1 + 1).
-7
Calculate (38 - -3 - 34) + (-1 - 0).
6
What is 0 - (-17 - (-14 - 19))?
-16
Evaluate -14 + -2 - (-79 - -80).
-17
What is the value of 2 + -25 - (14 - ((17 - 6) + 6))?
-20
What is 9 - (-34 + 14 + 18 + -25)?
36
(5 - 21) + 7 - (-31 + -1 + -2)
25
What is (13 + -16 - (-3 + 0)) + (-50 - -37)?
-13
Calculate 95 + -62 - (16 - -2).
15
What is the value of (9 - 17) + 3 - -10?
5
Calculate (30 - 14) + -12 + -8.
-4
(28 - 1) + -17 + 3 + 17 + -10
20
Calculate 15 - (-4 + 6 + -3).
16
7 + ((5 - 1) + 3 - 5)
9
What is the value of (4 + 6 - -6) + -87 + 51?
-20
7 - (-10 - 2 - -12)
7
Calculate (-19 + 39 - 15) + 13.
18
What is 7 + (-21 - -10) + 0 - -7?
3
What is the value of 177 + -171 - ((2 - 6) + 34)?
-24
What is the value of 2 + 13 - (31 - 21)?
5
What is the value of (-16 - -6) + 18 - (9 - 1)?
0
What is -75 + 108 - (-1 - -12) - 4?
18
10 - -1 - (8 + -4 - (2 - 2))
7
What is -20 + 7 + (-1 - 10)?
-24
What is the value of (-2 - -9) + -1 + (-14 - -17 - -15)?
24
Calculate (6 - 31 - -13 - 0) + -1.
-13
(-14 - -18) + 15 + -7
12
What is the value of -2 - (-15 + 30 + -14)?
-3
Evaluate (0 - 16) + 38 + -30 - -23.
15
-3 - (-6 - (6 - 15)) - (2 + -6)
-2
(17 - 2) + (48 - 56)
7
What is -28 + 64 + -34 + -23?
-21
What is 7 + -1 + (-3 - (31 - 22))?
-6
Calculate (755 - 771) + 8 + 1.
-7
Calculate (1 - 44 - -49) + (0 - -14) + 1.
21
What is the value of 25 + -60 + (4 - (0 - (0 + -3)))?
-34
What is the value of 46 - ((1 - -4) + (-419 - -422))?
38
Evaluate -5 - 5 - -5 - (-23 - -32).
-14
Evaluate 1 + 12 + -2 + -7 + 3 - 15.
-8
What is the value of 0 + (14 + 2 - (-6 - -32))?
-10
What is the value of (12 - (-13 - -27)) + -11 - (1 + -6)?
-8
What is the value of 9 + (3 + -12 - (-56 + 45) - 5)?
6
What is the value of 1 + -2 + -48 + 50 - -13?
14
-44 + 39 + 5 + (0 - 0)
0
-2 + (-11 - (-6 + -19))
12
Evaluate (0 - -8 - 2) + (1 - -3).
10
0 + -6 + (6 - 11 - -2)
-9
(16 - (48 + -24)) + (-2 - -37)
27
What is the value of -10 + (12 - 20 - -8)?
-10
Evaluate 0 + 1 - (-36 + 25).
12
Evaluate (0 - -4) + -3 + 2 - (86 - 68).
-15
What is the value of (1 - (14 - (1 + -1))) + -2?
-15
Calculate -1 + -3 + 2 + -11 + (-696 - -690).
-19
What is the value of 16 + 5 + -74 + 55?
2
What is -8 + -9 + (26 - (-7 + -3 + 3))?
16
What is the value of (-11 + -4 - -14) + -4?
-5
3 + 2 + -16 + 8
-3
Evaluate -16 + 10 + (-9 - (-8 - (1 - 9))).
-15
What is 1 - -5 - ((27 - 9) + 3)?
-15
Calculate 32 + (-1 + 1 - 8 - (-17 + 19)).
22
Calculate -4 + 4 + 2 + (0 - 2).
0
What is -4 + 20 + -8 + 2 + -7 + 7?
10
Calculate -11 - (-17 - (-3 - -2 - (-3 - -1))).
7
Calculate 4 - -2 - (-36 - -26).
16
3 - 18 - (-30 + 9 + 2)
4
Calculate (2 - -4) + 2 + -9 + 15 + -9.
5
Wh